
What is the ten thousands digit of 36988?
3
What is the units digit of 72759?
9
What is the hundreds digit of 25530?
5
What is the units digit of 1170?
0
What is the hundreds digit of 392?
3
What is the hundreds digit of 12749?
7
What is the units digit of 155694?
4
What is the ten thousands digit of 56292?
5
What is the units digit of 785?
5
What is the thousands digit of 36316?
6
What is the tens digit of 1267?
6
What is the tens digit of 173773?
7
What is the thousands digit of 41163?
1
What is the tens digit of 85576?
7
What is the units digit of 560?
0
What is the thousands digit of 4417?
4
What is the units digit of 1012?
2
What is the tens digit of 1822?
2
What is the tens digit of 11267?
6
What is the ten thousands digit of 54597?
5
What is the thousands digit of 1978?
1
What is the hundreds digit of 6510?
5
What is the hundreds digit of 11310?
3
What is the hundreds digit of 41151?
1
What is the units digit of 3744?
4
What is the thousands digit of 7018?
7
What is the hundreds digit of 33211?
2
What is the tens digit of 8762?
6
What is the hundreds digit of 1863?
8
What is the units digit of 43433?
3
What is the hundreds digit of 1855?
8
What is the thousands digit of 113136?
3
What is the hundreds digit of 100675?
6
What is the hundreds digit of 723?
7
What is the hundreds digit of 20615?
6
What is the hundreds digit of 625?
6
What is the hundreds digit of 6453?
4
What is the units digit of 30560?
0
What is the hundreds digit of 1097?
0
What is the tens digit of 822?
2
What is the ten thousands digit of 10939?
1
What is the hundreds digit of 8097?
0
What is the hundreds digit of 1009?
0
What is the tens digit of 468?
6
What is the thousands digit of 84944?
4
What is the tens digit of 14215?
1
What is the thousands digit of 1605?
1
What is the units digit of 375?
5
What is the thousands digit of 2142?
2
What is the hundreds digit of 97814?
8
What is the thousands digit of 18737?
8
What is the ten thousands digit of 123222?
2
What is the tens digit of 1162?
6
What is the units digit of 8937?
7
What is the units digit of 387?
7
What is the hundreds digit of 2765?
7
What is the units digit of 5907?
7
What is the thousands digit of 15800?
5
What is the units digit of 2999?
9
What is the thousands digit of 8014?
8
What is the ten thousands digit of 10479?
1
What is the thousands digit of 80575?
0
What is the hundreds digit of 34681?
6
What is the units digit of 415?
5
What is the hundreds digit of 3044?
0
What is the thousands digit of 5534?
5
What is the hundreds digit of 2948?
9
What is the hundreds digit of 24500?
5
What is the ten thousands digit of 13336?
1
What is the units digit of 1867?
7
What is the thousands digit of 4918?
4
What is the thousands digit of 70295?
0
What is the hundreds digit of 36505?
5
What is the units digit of 874?
4
What is the tens digit of 1058?
5
What is the units digit of 5740?
0
What is the units digit of 840?
0
What is the tens digit of 10494?
9
What is the units digit of 81999?
9
What is the thousands digit of 1309?
1
What is the thousands digit of 153291?
3
What is the thousands digit of 4242?
4
What is the units digit of 318?
8
What is the units digit of 186056?
6
What is the units digit of 37710?
0
What is the hundreds digit of 2198?
1
What is the tens digit of 785?
8
What is the hundreds digit of 41682?
6
What is the thousands digit of 4975?
4
What is the thousands digit of 7439?
7
What is the tens digit of 1437?
3
What is the ten thousands digit of 15762?
1
What is the ten thousands digit of 51358?
5
What is the units digit of 4591?
1
What is the units digit of 31361?
1
What is the thousands digit of 17916?
7
What is the tens digit of 6509?
0
What is the hundreds digit of 138?
1
What is the hundreds digit of 210?
2
What is the thousands digit of 54713?
4
What is the tens digit of 86667?
6
What is the thousands digit of 1083?
1
What is the thousands digit of 2729?
2
What is the tens digit of 1146?
4
What is the units digit of 5378?
8
What is the units digit of 5515?
5
What is the tens digit of 9154?
5
What is the thousands digit of 1062?
1
What is the units digit of 27043?
3
What is the units digit of 13482?
2
What is the units digit of 12114?
4
What is the tens digit of 2818?
1
What is the hundreds digit of 1402?
4
What is the tens digit of 5948?
4
What is the units digit of 11739?
9
What is the thousands digit of 38426?
8
What is the tens digit of 3581?
8
What is the tens digit of 7838?
3
What is the hundreds digit of 1623?
6
What is the thousands digit of 2882?
2
What is the hundreds digit of 1264?
2
What is the hundreds digit of 650?
6
What is the tens digit of 3421?
2
What is the hundreds digit of 10932?
9
What is the hundreds digit of 7426?
4
What is the hundreds digit of 27429?
4
What is the thousands digit of 7243?
7
What is the hundreds digit of 596?
5
What is the thousands digit of 9317?
9
What is the hundreds digit of 79442?
4
What is the hundreds digit of 17078?
0
What is the ten thousands digit of 21485?
2
What is the units digit of 124409?
9
What is the units digit of 6744?
4
What is the tens digit of 5551?
5
What is the units digit of 1373?
3
What is the hundreds digit of 304?
3
What is the tens digit of 1769?
6
What is the tens digit of 30?
3
What is the thousands digit of 2520?
2
What is the tens digit of 61750?
5
What is the units digit of 37902?
2
What is the units digit of 1687?
7
What is the units digit of 129400?
0
What is the hundreds digit of 1356?
3
What is the thousands digit of 16772?
6
What is the thousands digit of 6751?
6
What is the thousands digit of 4422?
4
What is the tens digit of 8501?
0
What is the ten thousands digit of 75674?
7
What is the hundreds digit of 173?
1
What is the units digit of 4921?
1
What is the tens digit of 6185?
8
What is the units digit of 47574?
4
What is the thousands digit of 16009?
6
What is the hundreds digit of 317?
3
What is the hundreds digit of 9928?
9
What is the thousands digit of 15074?
5
What is the hundreds digit of 801?
8
What is the thousands digit of 21666?
1
What is the ten thousands digit of 11893?
1
What is the hundreds digit of 1747?
7
What is the tens digit of 4105?
0
What is the hundreds digit of 806?
8
What is the hundreds digit of 627?
6
What is the hundreds digit of 1996?
9
What is the units digit of 26?
6
What is the hundreds digit of 421?
4
What is the tens digit of 594?
9
What is the hundreds digit of 5595?
5
What is the ten thousands digit of 21982?
2
What is the hundreds digit of 90488?
4
What is the hundreds digit of 1426?
4
What is the units digit of 843?
3
What is the tens digit of 1972?
7
What is the hundreds digit of 144?
1
What is the units digit of 4961?
1
What is the thousands digit of 19060?
9
What is the tens digit of 4131?
3
What is the thousands digit of 22782?
2
What is the units digit of 7035?
5
What is the units digit of 34934?
4
What is the thousands digit of 22502?
2
What is the tens digit of 21789?
8
What is the tens digit of 67601?
0
What is the thousands digit of 4504?
4
What is the tens digit of 93237?
3
What is the tens digit of 7103?
0
What is the tens digit of 1050?
5
What is the tens digit of 106900?
0
What is the hundreds digit of 6347?
3
What is the tens digit of 5966?
6
What is the units digit of 4016?
6
What is the tens digit of 49?
4
What is the thousands digit of 3209?
3
What is the hundreds digit of 62069?
0
What is the ten thousands digit of 23235?
2
What is the thousands digit of 5414?
5
What is the units digit of 708?
8
What is the thousands digit of 12734?
2
What is the ten thousands digit of 42139?
4
What is the tens digit of 560?
6
What is the tens digit of 11040?
4
What is the thousands digit of 3894?
3
What is the hundreds digit of 6544?
5
What is the hundreds digit of 734?
7
What is the units digit of 1116?
6
What is the hundreds digit of 444?
4
What is the thousands digit of 50421?
0
What is the tens digit of 7026?
2
What is the tens digit of 159?
5
What is the hundreds digit of 384?
3
What is the hundreds digit of 3474?
4
What is the tens digit of 641?
4
What is the ten thousands digit of 108898?
0
What is the thousands digit of 82429?
2
What is the hundreds digit of 1555?
5
What is the tens digit of 31973?
7
What is the thousands digit of 49393?
9
What is the ten